+ x - 1205 - 985, -4*c + 5*x = -1781. What is the units digit of c?
9
Suppose -2*x + 140 = -7*x. Let d(r) = -r**3 - 5*r**2 + 10*r - 25. Let c be d(-7). What is the tens digit of -6*(x/c - -2)?
4
Suppose -7*l = -2*l - 800. Suppose -3*m - 12 = 0, 0 = 4*s - m - m - l. Suppose -5*x + 3*z - 8*z + 210 = 0, -x + s = -z. What is the units digit of x?
0
Let a = -2 + -43. Let h = a - -78. What is the tens digit of h?
3
Let u(g) = -g**3 - 14*g**2 + 23*g + 110. What is the units digit of u(-19)?
8
Let h(d) = -3*d - 17. Let a be h(-7). Let y(r) = r**3 - 2*r**2 - 7*r + 5. What is the units digit of y(a)?
9
Suppose -4*h + 18 + 6 = 2*c, -h = 4*c - 20. Suppose 2*q + 2*p = 376, -4*q + 2*p = h*p - 756. What is the tens digit of q?
9
Let o = -99 + 14. Let k(l) = l**3 - 7*l**2 - 3*l - 7. Let h be k(6). Let n = h - o. What is the units digit of n?
4
Let z = -253 - -139. Let k = z - -199. Let x = -60 + k. What is the units digit of x?
5
Suppose 5*k - 5*h + 15 = 0, 5*h = 3*k + 13 + 2. Suppose k = -4*s + v + 292, 2*s = s + 4*v + 58. What is the tens digit of s?
7
Suppose c = -5*j - 19, -j + 19 = 5*c - c. Suppose 0 = 2*i - 7*i. Suppose o - c - 1 = i. What is the units digit of o?
7
Let h = -1718 - -3009. What is the thousands digit of h?
1
Let x = -2600 + 4602. What is the hundreds digit of x?
0
Suppose -5*y = 109 - 104. Let o = 21 - 40. Let l = y - o. What is the tens digit of l?
1
Suppose -5*u - 15 = -8*u. Suppose -2*k + u*k + y = 1076, 362 = k - 3*y. What is the units digit of k?
9
Suppose k + 2*k - 123 = 0. Let j = k + 43. Let w = -44 + j. What is the units digit of w?
0
Let h = 489 + 147. What is the hundreds digit of h?
6
Let c(s) = 2*s**2 + 4*s + 17. What is the units digit of c(-10)?
7
Let y = 570 + 2005. What is the thousands digit of y?
2
Let d(y) be the first derivative of -y**3 - 1/2*y**2 - y**4 - 3 + 2*y. What is the tens digit of d(-2)?
2
Let z(o) = -8*o - 19. Let a be z(3). Suppose -60 - 19 = u. Let x = a - u. What is the units digit of x?
6
Suppose -5*q = -0*m - 5*m, -3*m = -2*q - 1. Suppose q = 3*g - 5. Suppose 0 = -g*s - 4*i + 62, -3*s + s = -3*i - 48. What is the tens digit of s?
2
Let i(h) = 2*h**2 - 2*h + 2583. What is the hundreds digit of i(0)?
5
Suppose 5*o = 1432 + 983. What is the tens digit of o?
8
Let o(s) = 2*s**3 + 4*s**2 + 2*s + 1. Let p be o(-3). Let k = p + 11. What is the tens digit of -66*(-2 + k/(-9))?
4
Let t be (-16)/(-10)*15/6. Suppose -t*g + 0*g = -76. Let k = g + -15. What is the units digit of k?
4
Let n = 7 - 19. Let t = n - -4. What is the units digit of (4/(-6))/(t/108)?
9
Suppose 18 = 4*j + 2. Let s(p) = 12*p + j + 5 - 16*p. What is the units digit of s(-8)?
1
Suppose -2*s = 47 - 17. Let h(j) = -8*j + 11. Let c be h(2). Let q = c - s. What is the units digit of q?
0
Let x(z) = -z + 10. Let s be x(-5). What is the tens digit of ((-19)/5)/((-3)/s)?
1
Let v = -68 + 1290. What is the units digit of v?
2
Let x(u) = -u**3 - 3*u**2 + u + 3. Let v be x(-3). Suppose 0 = 4*s - 2*o - 2, 2*s - 2*o + v*o = 0. Suppose -l - s = -6. What is the units digit of l?
5
Let s(p) = -2*p**3 - 74*p**2 + 6*p - 203. What is the tens digit of s(-38)?
5
Let d be (30/20)/(2/(-20)). Let i be d/10*(-26)/(-3). What is the tens digit of (-5 + 3 - -1)*i?
1
Suppose 92*q - 50*q - 80724 = 0. What is the tens digit of q?
2
Let p(s) = 38*s**2 - 9*s + 22. What is the units digit of p(7)?
1
Let y be 6*(0 + (-4 - -6)). Let m = 3 - y. Let b(t) = t**3 + 9*t**2 - 3*t - 12. What is the units digit of b(m)?
5
Let a(c) = -14*c. Let k be a(-1). Let b = k + -14. Let p = b + 4. What is the units digit of p?
4
Let d(q) = -2*q + 1. Let v be d(-2). Suppose -4*p + 603 = -p. Suppose 4 = v*n - p. What is the units digit of n?
1
Suppose 0 = -25*t + 12*t + 8138. What is the units digit of t?
6
Let a = -2146 - -3692. What is the thousands digit of a?
1
Suppose -5 - 11 = -4*g. Suppose -g*y = -2*y - 16. What is the units digit of 5/((-60)/y)*-63?
2
Suppose 0 = -4*h - 3*s + 37, -h = 3*s + 2*s - 22. Let w(m) = -m**3 + 7*m**2 + m - 5. Let j be w(5). Suppose h*y - j = 5*y. What is the tens digit of y?
2
Let u(n) be the third derivative of -n**4/24 + n**3/6 + 8*n**2. Let m be u(-3). Suppose 66 = 6*l - m*l. What is the tens digit of l?
3
What is the hundreds digit of 469/(-2)*((-288)/42)/2?
8
What is the hundreds digit of (0 - (-3976)/10) + (-15)/25?
3
Suppose 4*j = 2*s - 0*j - 542, 0 = j - 3. What is the units digit of s?
7
Let s(t) = 3*t**2 - 2*t - 1. Let k be s(8). Suppose 0 = -5*m - 4*u + 160, 0*m - k = -5*m - u. What is the tens digit of m?
3
What is the hundreds digit of 3/(((-399)/3752)/(-19))?
5
Suppose 74*j - 70*j = 32. Suppose -9*b + j*b = -57. What is the units digit of b?
7
Suppose 5*v = -2*k + 80, -3*v + 48 = 3*k + 9. Suppose -2*o - v = -4*f, f = -2*f - 3*o + 27. What is the units digit of (92/12 + -4)*f?
2
Let d(m) = m**2 + 2*m - 1. Let z be (2 - 7)*6/(-3). Let w be 10/4 + 5/z. What is the tens digit of d(w)?
1
Let b(c) = 3*c + 3. Suppose -7*q + 28 + 35 = 0. What is the tens digit of b(q)?
3
Let n be 0/3 + (-63)/(-3). Suppose v = 1 + 8. Let m = n - v. What is the units digit of m?
2
Suppose 168*z - 2752 = 164*z. What is the hundreds digit of z?
6
Let x(k) = 2*k**3 + 50*k**2 - 21*k - 12. What is the hundreds digit of x(-25)?
5
Let i be -13*(1 + -2)*1. Let n = i - 8. Suppose -1 - 74 = -n*p. What is the units digit of p?
5
Let g = 25 - 21. Suppose 3*y - 300 = -4*l, 3*l + 32 = -g*y + 264. Let r = l - 47. What is the tens digit of r?
2
Suppose -4*d - 4*u - 440 = 0, -u = 2*d - 2*u + 208. Let o = -29 - d. What is the tens digit of o?
7
Let p = -117 + 140. Suppose -p = -5*h + 2, w = h + 114. What is the units digit of w?
9
Let r(n) = n**2 + 6*n - 49. What is the hundreds digit of r(-27)?
5
Let d = -2798 + 7589. What is the hundreds digit of d?
7
Let m = -170 + 487. What is the units digit of m?
7
Let f(u) = u**3 - 24*u**2 - 20*u + 23. Let n be f(25). Let r = -6 + n. What is the hundreds digit of r?
1
Let l = -258 - -380. Let v = l - 65. What is the units digit of 12*(-4 - v/(-6))?
6
Suppose 3*x = 360 + 330. Suppose -5*v + 3*v = -x. Let t = -52 + v. What is the tens digit of t?
6
Suppose -4*k + 52 = -2*a, 2*a + 16 = 5*k - 51. What is the units digit of k?
5
Let y = 109 + -21. What is the units digit of y?
8
Let z = 142 + 149. What is the hundreds digit of z?
2
Suppose 13*i = 12*i + 3. Let m = -7 + 7. Suppose m = i*q - q - 28. What is the tens digit of q?
1
Suppose 454 + 71 = 7*j. Let i = j - 36. What is the units digit of i?
9
Suppose v - 9*w + 8*w - 2376 = 0, 11868 = 5*v - 2*w. What is the units digit of v?
2
Let w = -562 - -2228. What is the hundreds digit of w?
6
What is the units digit of ((-36819)/(-9) - (-4 + 4))/1?
1
Let u be (3/6)/((-2)/220). Let x = 100 + u. What is the units digit of x?
5
Suppose 2 = -2*o + l + 138, -326 = -5*o - l. Suppose 3*d - o = 57. What is the tens digit of d?
4
Let z = -2776 + 5075. What is the hundreds digit of z?
2
Let n = 6 - 18. Let c be ((-92)/8)/(3/n). Suppose 3*d = d + c. What is the tens digit of d?
2
Suppose k = -15 - 59. Let q = -20 - k. What is the units digit of q?
4
Suppose 377 = 5*t - 258. What is the hundreds digit of t?
1
Suppose 2*a = 2*m - 760, -796 = -3*m - 2*a + 329. What is the units digit of m?
7
Let b = 1 + 7. Suppose 0 = l + 2*t + 5, 4*l + 2*t = t + b. Suppose -4*y + 9*y = l*h, 10 = 5*y - h. What is the units digit of y?
3
Suppose -4*k = k + 50. Let u(a) = -13*a + 26. What is the units digit of u(k)?
6
Let l(b) = 4*b**2 - 4*b. Let u be l(5). Suppose -5*h = 5*r - 135, 2*h = -5*r + 67 + u. Let g = -20 + r. What is the units digit of g?
1
Suppose 0 = 4*j + 40. Let d be (-24)/(-36) + j/6. What is the units digit of (0 - 3) + 5 + d?
1
Suppose -13*d + 10308 = 2196. What is the hundreds digit of d?
6
Suppose 0 = 14*o - 29075 - 23663. What is the units digit of o?
7
Let s(p) = -3*p**3 + 68*p**2 + 15*p + 18. What is the units digit of s(-8)?
6
Let s(g) = -4*g**3 - 25*g**2 + 15*g + 60. What is the hundreds digit of s(-8)?
3
Let z(f) = -3*f**3 - 2*f**2 - f - 3. Let o be (-10 - -11) + (-3 - 0). What is the tens digit of z(o)?
1
Suppose 0 = 4*g + 4 - 12. Let a be 7*(0 - (-4 - g)). Let y = -21 + a. What is the tens digit of y?
2
Let f = 22 - -10. Suppose -c + f = -61. What is the tens digit of c?
9
What is the tens digit of 1517*1 + (12 -